0342570 (base 8) to base 15
11aca00
Convert 1121200201212 (base 3) to base 4.
3101331323
-1d39d (base 14) to base 10
-74815
What is -749892 (base 13) in base 16?
-29b9cb
What is 1001313 (base 4) in base 16?
1077
What is -244000 (base 9) in base 12?
-71276
What is -58925 (base 10) in base 12?
-2a125
Convert -16dab1 (base 16) to base 11.
-933336
What is 11100100000101111100 (base 2) in base 4?
3210011330
Convert 1228069 (base 12) to base 9.
6583560
Convert 1161756 (base 8) to base 16.
4e3ee
Convert -525140025 (base 6) to base 8.
-43070761
Convert -116581 (base 9) to base 3.
-10120122201
Convert 103123101 (base 5) to base 7.
3521302
What is 6050056 (base 9) in base 5?
1311042002
What is 1334334234 (base 5) in base 14?
6554bc
125570 (base 10) to base 11
86385
Convert 825b8d (base 16) to base 6.
503035245
What is 2c90ac (base 15) in base 13?
5a6909
What is -2631074 (base 8) in base 16?
-b323c
What is 10001101000001101111 (base 2) in base 14?
110727
What is 3132212122 (base 4) in base 7?
10515136
What is -1010110101021 (base 3) in base 7?
-5044600
8597 (base 10) to base 2
10000110010101
What is -40275 (base 14) in base 15?
-30a24
Convert 120344020 (base 5) to base 12.
22b790
4345020 (base 6) to base 2
110100110010100100
What is 4b391 (base 16) in base 15?
6145d
What is 432104424 (base 5) in base 2?
110111111001110111000
112263 (base 7) to base 8
47105
-76707 (base 12) to base 3
-21221201121
202b04 (base 13) to base 8
2666453
Convert 154313 (base 6) to base 10.
15237
Convert 32db6e (base 15) to base 10.
2425829
What is -11256265 (base 7) in base 11?
-616074
-2201101232 (base 4) to base 12
-27a352
Convert 3614175 (base 8) to base 5.
223124214
What is 2010102103 (base 4) in base 9?
1015237
What is -50114 (base 13) in base 12?
-6a8bb
Convert -c33c0 (base 14) to base 12.
-1a7b90
What is 56bff (base 16) in base 9?
601367
What is -122660 (base 7) in base 15?
-6a8b
What is -101010111101000101001010 (base 2) in base 15?
-ec6574
Convert 15444315 (base 6) to base 2.
10000110011001010111
Convert -31445613 (base 7) to base 4.
-22023021321
What is -33102133220 (base 4) in base 14?
-764876
What is -40045246 (base 7) in base 4?
-30213002113
20544315 (base 7) to base 16
1a95b0
What is -36101326 (base 7) in base 14?
-5d1d16
110222221 (base 3) to base 7
36424
Convert -15253114 (base 6) to base 7.
-4361341
What is -3631a94 (base 11) in base 15?
-84ec71
Convert -3223032333 (base 4) to base 12.
-3a5713
What is 96b14a (base 12) in base 10?
2383114
210012211020 (base 3) to base 15
83ae3
What is 10111101000010101101 (base 2) in base 8?
2750255
What is -5412424 (base 6) in base 3?
-111112020221
Convert -455320 (base 6) to base 3.
-1222012110
-27562 (base 10) to base 7
-143233
What is -430146 (base 8) in base 12?
-6b032
What is 101111101000000110 (base 2) in base 14?
51142
Convert -105377 (base 13) to base 8.
-1353643
-401075 (base 9) to base 8
-716701
What is 1da77b (base 15) in base 10?
1452941
Convert 1022502 (base 7) to base 3.
20021020210
Convert 21437 (base 12) to base 8.
125453
What is -305127 (base 12) in base 13?
-205a3b
Convert -110110011101000 (base 2) to base 7.
-144166
-6376605 (base 9) to base 13
-928163
What is -8791 (base 15) in base 6?
-340531
277a9c (base 15) to base 4
13033222023
1317320 (base 9) to base 13
1c2c51
100305241 (base 6) to base 16
1a00b9
Convert 452135 (base 6) to base 13.
1443b
-5bb976 (base 12) to base 3
-2210211112100
What is -1413443 (base 6) in base 14?
-21175
4c7ed (base 15) to base 7
2036461
Convert -1303330330 (base 4) to base 13.
-13823b
-132332302 (base 4) to base 7
-1035652
Convert 3141501 (base 6) to base 9.
253281
What is 10855e (base 15) in base 13?
21763a
34200040 (base 6) to base 5
231321013
Convert -692 (base 13) to base 16.
-46d
What is 114113233 (base 5) in base 12?
219a43
What is -3613 (base 11) in base 15?
-1608
-31158261 (base 9) to base 7
-241212241
Convert -6344542 (base 8) to base 15.
-235ad9
Convert -21211341 (base 7) to base 4.
-12313300311
What is 11110110111100110001 (base 2) in base 5?
224332010
Convert 4512f (base 16) to base 12.
117893
What is 1130417 (base 9) in base 14?
11c6c1
Convert -1215979 (base 14) to base 12.
-2a97133
-49a83 (base 12) to base 7
-564435
Convert -144083 (base 12) to base 4.
-1102231203
360712 (base 10) to base 9
608721
-3106652 (base 10) to base 2
-1011110110011101011100
40121211 (base 5) to base 13
b140c
What is 223210 (base 4) in base 11?
2105
Convert 1121200231 (base 4) to base 13.
cab5b
Convert 61578 (base 13) to base 3.
22212101020
-3103542 (base 6) to base 3
-21112211122
-246533 (base 9) to base 10
-149151
Convert 1286745 (base 9) to base 6.
23053105
Convert 2220120130 (base 4) to base 14.
13d4ba
What is 5377357 (base 10) in base 9?
11105311
2a911 (base 12) to base 2
1110101010011101
What is 188526 (base 9) in base 16?
1cc26
What is 5b6b (base 13) in base 15?
3c73
What is -dd4951 (base 14) in base 12?
-261a677
What is -a8097 (base 12) in base 4?
-312001303
What is 5345563 (base 7) in base 15?
cca1a
Convert ba6b (base 13) to base 9.
38528
-31213132 (base 4) to base 3
-2211111201
What is -331224 (base 8) in base 4?
-123022110
Convert -13020212322 (base 4) to base 11.
-1068182
-16725887 (base 10) to base 4
-333303131333
Convert 38ac55 (base 13) to base 14.
277d87
26a9ba (base 13) to base 5
220000341
Convert 2150031 (base 7) to base 6.
5354500
What is 141063664 (base 7) in base 8?
43041715
-901a850 (base 11) to base 5
-13042114043
-9130 (base 12) to base 8
-36564
What is -1011000110001001001110 (base 2) in base 14?
-55a07c
Convert 5034829 (base 11) to base 3.
121202120112211
Convert -29b95 (base 15) to base 8.
-406140
What is 692327 (base 10) in base 8?
2510147
-1010044152 (base 6) to base 13
-21bb2c5
What is -115302224 (base 6) in base 16?
-21d2e8
What is 231023021122 (base 4) in base 3?
211021122100201
Convert -46c38 (base 13) to base 10.
-129501
What is -22620362 (base 7) in base 3?
-10202000022202
Convert -314967 (base 10) to base 5.
-40034332
60bb3 (base 12) to base 16
1ecb7
Convert 120332111 (base 4) to base 11.
6a944
What is -803c9 (base 14) in base 10?
-308093
-10a372d (base 14) to base 12
-27a1325
What is 457056 (base 11) in base 12?
2b0717
Convert -6520e (base 16) to base 9.
-701176
a007a (base 14) to base 8
1356414
Convert -14661 (base 14) to base 10.
-50653
Convert -707161 (base 8) to base 3.
-102211201100
Convert a02383 (base 12) to base 5.
1114223212
-140160 (base 7) to base 16
-6786
-31622 (base 13) to base 8
-255532
Convert 25718b (base 13) to base 16.
dbfbe
372100 (base 10) to base 11
234623
Convert 17656640 (base 9) to base 10.
8895051
-491768 (base 14) to base 4
-21202222000
205514242 (base 6) to base 8
15670762
Convert 101467 (base 9) to base 5.
3411123
Convert -2712636 (base 10) to base 12.
-aa9990
Convert 11101110001000011 (base 2) to base 13.
43659
What is -240205340 (base 6) in base 4?
-101021211330
deeb7 (base 15) to base 5
140134242
What is -213412202 (base 6) in base 11?
-2174053
What is 60253723 (base 8) in base 16?
c157d3
What is -7b790 (base 12) in base 3?
-22101201100
-110100200210 (base 3) to base 13
-86958
Convert 56640 (base 10) to base 15.
11bb0
150714 (base 8) to base 2
1101000111001100
Convert 312033232 (base 4) to base 14.
5ad8a
Convert 23400353 (base 6) to base 5.
141343320
What is -314ab (base 16) in base 10?
-201899
Convert -34763731 (base 8) to base 5.
-3421032433
What is 122551223 (base 6) in base 2?
1001000100101011011111
Convert -3a702 (base 13) to base 7.
-632212
Convert 1263812 (base 11) to base 13.
5b72a0
Convert -49ca (base 16) to base 9.
-27818
-11800 (base 11) to base 7
-100250
-273647 (base 8) to base 11
-66285
Convert -162199 (base 10) to base 15.
-330d4
Convert -142320411 (base 6) to base 16.
-2c8957
What is -2030240 (base 5) in base 8?
-100653
20bc (base 14) to base 10
5654
What is 71317 (base 8) in base 2?
111001011001111
Convert -2246211 (base 8) to base 12.
-254809
What is -5dc8 (base 15) in base 10?
-19988
What is 417163 (base 8) in base 15?
2b22c
-1201144431 (base 5) to base 7
-32266455
-126964b (base 12) to base 7
-42544112
Convert 24228832 (base 9) to base 7.
202356065
-1111111101110010010 (base 2) to base 8
-1775622
Convert 640a9 (base 12) to base 13.
47ab1
What is -2122432 (base 5) in base 6?
-434344
What is -3e407d (bas